mmon factor of 15 and a?
5
Suppose r - 28 = 3*y + 18, -10 = 5*y. What is the greatest common factor of 20 and r?
20
Suppose -3*r + 4*r = 9. What is the greatest common divisor of 81 and r?
9
Let n be 1 + -1 + 1 - -1. Let t = 10 - 6. What is the highest common divisor of t and n?
2
Suppose 3*f = x + 73 + 316, 4*f = 5*x + 537. Calculate the greatest common factor of 16 and f.
16
Suppose -3*r + 30 = 2*r. Suppose k - r*k = -4*z - 96, -3 = -3*z. What is the highest common divisor of k and 4?
4
Suppose 2*c - 14 = -5*n, -6*n - 5 = -5*n + 3*c. Suppose -n*o - 13 = -3*o - 4*u, 3*o + 3*u - 21 = 0. Calculate the highest common factor of o and 21.
3
Let k(c) = -c**3 + 8*c**2 + 2*c - 4. Let v be k(6). Let t be (-2)/9 - 184/(-18). What is the greatest common factor of t and v?
10
Let d be (-1)/(-1)*(-18)/2. Let k = -27 + 42. Let g = k - d. What is the highest common factor of g and 36?
12
Suppose 0 = 5*j + d + 21, -2*j + 0*j - 5 = -3*d. Let k be (j - 1)*(-20)/1. What is the greatest common divisor of 20 and k?
20
Suppose -2*t + 1 = -3. What is the greatest common divisor of 6 and t?
2
Suppose 6*b - b - 56 = -2*l, 5*b - 155 = -5*l. Let k(r) = -2*r - 5. Let u be k(-4). What is the greatest common factor of l and u?
3
Suppose 0*k + k = -4*z - 355, 5*z - 4*k + 470 = 0. Let j = -34 - z. Let w be 7*-1*(0 + -1). What is the highest common divisor of w and j?
7
Suppose 6*k - 44 = 2*k. Let o = -22 + 121. What is the highest common divisor of k and o?
11
Let r = -148 + 302. Suppose 0 = 5*b + a - r, -4*b - 158 = -9*b - 2*a. Calculate the greatest common factor of 10 and b.
10
Suppose -15 = 3*g - 4*g. Let b be 3/((-3)/3 + 2). What is the highest common divisor of g and b?
3
Suppose 4*m - 12 = -0*m. Let j be ((-3)/(-4))/(4/48). Calculate the greatest common factor of j and m.
3
Let w = 3 + -3. Let j = 56 - 9. Suppose i - j + 2 = w. What is the highest common factor of i and 9?
9
Let v(i) = i**2 + 15*i - 3. Let t(m) = -2*m**2 - 29*m + 5. Let b(u) = 6*t(u) + 11*v(u). Let h be b(-8). What is the greatest common divisor of h and 25?
5
Let x be (0 - -10)/(-9 - -8). Let p be 28/6 - x/(-15). What is the highest common divisor of p and 6?
2
Let o = -77 - -245. What is the highest common factor of 21 and o?
21
Let i(v) = 8*v**2 - 5*v - 3. Let r(w) = -w**3 + 2*w**2 - w - 1. Let q be r(2). Let j be i(q). What is the greatest common divisor of j and 12?
12
Suppose 65 = -3*g + 8*g. Calculate the highest common divisor of 26 and g.
13
Let j(b) = -b**3 - 12*b**2 - 13*b - 6. Let f be j(-11). What is the greatest common factor of f and 40?
8
Let d(t) = t**3 + 14*t**2 - 2*t - 2. Let y be d(-14). Calculate the greatest common divisor of 39 and y.
13
Suppose 0 = -2*y + 3*y - 5*i + 15, 4*y + 3*i - 9 = 0. Suppose 4*t - 2*t - 80 = y. Calculate the highest common divisor of 5 and t.
5
Let s be 2 + (35 - 1/1). Let k = -24 + s. What is the highest common divisor of 3 and k?
3
Let w(t) = -t**2 + 8*t + 2. Let p be w(8). Suppose -4*l + 2*c + 316 = 0, -l - c = -p*c - 77. What is the greatest common factor of l and 9?
9
Let n = 28 - 10. Let a = -45 - -193. Let y = -22 + a. What is the greatest common factor of n and y?
18
Let x = 232 + -100. What is the highest common factor of 12 and x?
12
Suppose y + 5 = 10. Suppose -3*d = 2*d + w + 96, y*d + 3*w = -98. Let v = 34 + d. Calculate the greatest common divisor of 165 and v.
15
Let d be (1*-10)/(0 - 1). Calculate the greatest common divisor of d and 20.
10
Let m = 25 + -15. Let u = 4 - 4. Let r be -1*(1 - 3 - u). Calculate the greatest common factor of m and r.
2
Let l(f) = f**3 + 2*f**2 - 2*f - 8. Let v be l(4). Let z be ((-40)/(-12))/((-1)/(-3)). Calculate the highest common divisor of z and v.
10
Suppose -704 = -4*p - 0*p. What is the highest common factor of p and 16?
16
Let p be ((-224)/(-10))/((-7)/(-70)). Suppose 2*t - p = 28. What is the highest common divisor of t and 14?
14
Let n be -1*(382/(-18) - (-18)/81). Calculate the highest common divisor of n and 147.
21
Let p(c) = -16*c**2 - 39*c + 51. Let i(h) = -3*h**2 - 8*h + 10. Let t(s) = -11*i(s) + 2*p(s). Let n be t(-11). What is the highest common factor of 9 and n?
3
Let d be (-24)/(-20)*20/3. Let t be (-1 + -67)*(-6 - -5). Suppose -d = 3*v - t. Calculate the greatest common divisor of v and 30.
10
Let g = 11 - -17. Let l(a) = a**3 - 3*a**2 - 1. Let x be l(3). Let i be 1 - (-1)/x - -70. What is the highest common factor of i and g?
14
Let j = -43 - -10. Let o = -14 - j. What is the greatest common divisor of 171 and o?
19
Suppose 0 = 2*z - 5*u - 48 - 16, 3*z - 4*u - 110 = 0. Let v = 0 - -1. Let l = 20 + v. What is the greatest common divisor of z and l?
21
Let p be (2 - 10) + 0/2. Let y = 6 + p. Let c be -2*(-121)/y*-1. What is the greatest common divisor of c and 11?
11
Suppose -3 = j - w, -3*j = 3*w - 8 - 13. Suppose i = -j*i + 3*s + 15, -1 = i + s. Let l be 16/(-6)*(-81)/12. What is the greatest common divisor of l and i?
2
Suppose -3*r + 10 = -2*x + 1, 3*x = -3*r + 9. Suppose 0*b - 4*b + 4 = x. Let p be -3*((-14)/(-6))/(-1). What is the highest common divisor of b and p?
1
Let h(n) = n**2 + 12*n + 16. Let u be h(-11). What is the greatest common factor of 5 and u?
5
Let t = -2 + -1. Let j = 21 + t. Let q be (-4)/18 + 202/j. What is the greatest common factor of q and 1?
1
Let y(h) = 7*h**2 - 6*h - 12. Let p be y(-2). Calculate the highest common factor of p and 28.
28
Let b = 20 - 8. Suppose -h = r + 3, 5*h + r = h - b. Let q be ((-3)/2)/(h/104). What is the highest common factor of 13 and q?
13
Let d(x) = x**2 + 4*x - 11. Let i be d(-8). What is the highest common divisor of 7 and i?
7
Suppose 4*n + 4*s = 6*n - 150, 4*n - 265 = s. Calculate the highest common factor of n and 39.
13
Suppose 6*k - 2*k + 4 = 0. Let v = k + 44. Let p = 12 + v. What is the highest common divisor of 11 and p?
11
Let j = -6 + 9. Let g(q) = q**2 - 8*q - 11. Let y be g(10). What is the highest common factor of y and j?
3
Let u = -6 - -11. Let x = 9 - 9. Let s(r) = -r**3 - r + 25. Let l be s(x). Calculate the greatest common divisor of u and l.
5
Let t = -1 + 4. Let h = 2 - t. Let z be 9 - h/2*-2. Calculate the greatest common factor of z and 12.
4
Let c(t) = -9*t**2 - 1. Let d be c(-1). Let b be -3 + 0 + -1 - 1. Let q be ((-32)/d)/(b/(-25)). What is the greatest common factor of q and 128?
16
Suppose a = -l + 34, -l - 41 = -2*a + 33. Calculate the greatest common divisor of a and 36.
36
Suppose -416 = -3*d - 5*j, -13 = 5*d - 5*j - 653. Calculate the greatest common factor of 12 and d.
12
Let r = -195 + 211. Calculate the highest common divisor of 64 and r.
16
Suppose 5*k + 0*k - 3*x - 88 = 0, -k + 2*x + 19 = 0. What is the greatest common divisor of k and 187?
17
Let z = -298 - -451. Suppose 4*m + 4*f = 53 - 1, -m - 2*f = -9. Calculate the highest common factor of m and z.
17
Let w = 1 - 0. Let s be 4*w - (-5)/5. Let a be (1 - (-2)/(-4))*10. Calculate the greatest common divisor of a and s.
5
Let z = -84 + 94. What is the greatest common factor of 35 and z?
5
Suppose 0 = -5*l - 0*l - 4*p + 2220, -p = -4*l + 1755. What is the greatest common factor of l and 40?
40
Suppose d - 5*d = -16. Suppose -d*u = 13 - 65. Suppose l = g + u, 0 = -5*l - 5*g + 2 + 43. What is the greatest common divisor of 11 and l?
11
Let s(f) = -11*f + 1. Let o be s(-1). Calculate the greatest common factor of o and 4.
4
Let s(u) = u**2 - 5*u. Suppose -2*p - 11 = -p - 4*y, 5*p - 2*y - 17 = 0. Let x be s(p). Suppose 12 + x = z. What is the highest common factor of z and 60?
12
Suppose h = 2*h - 2. Suppose -h*s - s = -6. Let u = 6 + -2. Calculate the greatest common factor of u and s.
2
Let x = 5 + -4. Suppose -x = 4*b - 41. What is the highest common factor of b and 10?
10
Suppose 0 = -3*y - 8 - 7. Let k = y + 10. Calculate the greatest common factor of k and 1.
1
Let u(a) = 8*a**2 + 3*a + 1. Let y be u(-3). Let x = 1 - -3. Suppose 0 = x*c + 3*l - 76, -4*c + 52 = -0*c - 3*l. What is the greatest common factor of c and y?
16
Let t(h) = -h - 4. Let m be t(-4). Suppose 4 = f - m. What is the greatest common factor of f and 32?
4
Let n(w) = -w**2 + 10*w + 1. Let t be n(7). Calculate the greatest common factor of 33 and t.
11
Let w = -6 - -9. Suppose -w*n = 9 - 69. Calculate the greatest common divisor of n and 4.
4
Let j = 26 - 13. Calculate th